{"id":58,"date":"2013-07-17T17:31:06","date_gmt":"2013-07-17T17:31:06","guid":{"rendered":"http:\/\/blogs.culturamas.es\/daliaferry\/?page_id=58"},"modified":"2013-07-22T15:36:11","modified_gmt":"2013-07-22T15:36:11","slug":"eres-mi-autentico-pecado","status":"publish","type":"page","link":"https:\/\/blogs.culturamas.es\/daliaferry\/eres-mi-autentico-pecado\/","title":{"rendered":"Eres mi aut\u00e9ntico pecado"},"content":{"rendered":"<p>\u00bfQu\u00e9 es el chocolate?\u00a0 \u00bfPor qu\u00e9 nos gusta tanto?<\/p>\n<p>Nunca te has preguntado que es lo que atrae tanto del chocolate<\/p>\n<p>\u00bfSer\u00e1 por su sabor?\u00a0 Amargo en ocasiones o por el dulce<\/p>\n<p>\u00bfQui\u00e9n no ha comido chocolate alguna vez en su vida? Cuando se encuentra triste, cansado, deprimido o simplemente por dar placer al paladar.<\/p>\n<p>La respuesta en bien sencilla el chocolate sustituye nuestras propias carencias afectivas. Sustituye todo aquello de lo que carecemos y nos aporta la felicidad y placer que necesitamos. Vivimos en una sociedad estresante y amarga, donde nos preocupamos por todo y disfrutamos poco. Trabajamos y trabajamos todo el d\u00eda para poder pagar las facturas cada mes, y cuando llegas a casa lejos de descansar te espera m\u00e1s y m\u00e1s trabajo, tanto si eres soltero como casado.<\/p>\n<p>Y todo \u00bfPara que?\u2026. para poder tener una vida digna y entre comillas \u201cc\u00f3moda\u201d.<br \/>\nEs as\u00ed de f\u00e1cil, disfrutamos poco y por eso el chocolate nos sirve de sustituto para esa felicidad de la que carecemos.<\/p>\n<p>Y no nos cortemos ni un pelo, comer es bueno, pero sin pasarnos que luego llegan los temidos michelines y otra vez depresi\u00f3n en b\u00e1scula a llevar. Y esto en esta sociedad tan perfeccionista ser\u00eda pecado y tendr\u00edamos que pagar el gimnasio para poder tener de nuevo ese cuerpo diez tan deseado.<\/p>\n<p>Y esos se\u00f1ores m\u00edos en los tiempos que corren, es un aut\u00e9ntico pecado\u2026<\/p>\n<p>&nbsp;<\/p>\n","protected":false},"excerpt":{"rendered":"<p>\u00bfQu\u00e9 es el chocolate?\u00a0 \u00bfPor qu\u00e9 nos gusta tanto? Nunca te has preguntado que es lo que atrae tanto del chocolate \u00bfSer\u00e1 por su sabor?\u00a0 Amargo en ocasiones o por el dulce \u00bfQui\u00e9n no ha comido chocolate alguna vez en su vida? Cuando se encuentra triste, cansado, deprimido o simplemente por dar placer al paladar.<\/p>\n<p><a href=\"https:\/\/blogs.culturamas.es\/daliaferry\/eres-mi-autentico-pecado\/\">Leer m\u00e1s\u2026<\/a><\/p>\n","protected":false},"author":48,"featured_media":59,"parent":0,"menu_order":0,"comment_status":"open","ping_status":"open","template":"","meta":{"_monsterinsights_skip_tracking":false,"_monsterinsights_sitenote_active":false,"_monsterinsights_sitenote_note":"","_monsterinsights_sitenote_category":0,"jetpack_post_was_ever_published":false,"footnotes":""},"class_list":["post-58","page","type-page","status-publish","has-post-thumbnail","hentry"],"jetpack_shortlink":"https:\/\/wp.me\/P3GpHX-W","jetpack_sharing_enabled":true,"_links":{"self":[{"href":"https:\/\/blogs.culturamas.es\/daliaferry\/wp-json\/wp\/v2\/pages\/58","targetHints":{"allow":["GET"]}}],"collection":[{"href":"https:\/\/blogs.culturamas.es\/daliaferry\/wp-json\/wp\/v2\/pages"}],"about":[{"href":"https:\/\/blogs.culturamas.es\/daliaferry\/wp-json\/wp\/v2\/types\/page"}],"author":[{"embeddable":true,"href":"https:\/\/blogs.culturamas.es\/daliaferry\/wp-json\/wp\/v2\/users\/48"}],"replies":[{"embeddable":true,"href":"https:\/\/blogs.culturamas.es\/daliaferry\/wp-json\/wp\/v2\/comments?post=58"}],"version-history":[{"count":3,"href":"https:\/\/blogs.culturamas.es\/daliaferry\/wp-json\/wp\/v2\/pages\/58\/revisions"}],"predecessor-version":[{"id":61,"href":"https:\/\/blogs.culturamas.es\/daliaferry\/wp-json\/wp\/v2\/pages\/58\/revisions\/61"}],"wp:featuredmedia":[{"embeddable":true,"href":"https:\/\/blogs.culturamas.es\/daliaferry\/wp-json\/wp\/v2\/media\/59"}],"wp:attachment":[{"href":"https:\/\/blogs.culturamas.es\/daliaferry\/wp-json\/wp\/v2\/media?parent=58"}],"curies":[{"name":"wp","href":"https:\/\/api.w.org\/{rel}","templated":true}]}}